{"id":1538,"date":"2024-11-09T19:17:20","date_gmt":"2024-11-09T19:17:20","guid":{"rendered":"https:\/\/www.monastirdialyse.com\/?page_id=1538"},"modified":"2024-11-09T19:32:26","modified_gmt":"2024-11-09T19:32:26","slug":"philosophie","status":"publish","type":"page","link":"https:\/\/www.monastirdialyse.com\/index.php\/philosophie\/","title":{"rendered":"philosophie"},"content":{"rendered":"\t\t<div data-elementor-type=\"wp-page\" data-elementor-id=\"1538\" class=\"elementor elementor-1538\">\n\t\t\t\t<div class=\"elementor-element elementor-element-5e1dbf0 e-flex e-con-boxed wpr-particle-no wpr-jarallax-no wpr-parallax-no wpr-sticky-section-no e-con e-parent\" data-id=\"5e1dbf0\" data-element_type=\"container\" data-settings=\"{&quot;background_background&quot;:&quot;classic&quot;}\">\n\t\t\t\t\t<div class=\"e-con-inner\">\n\t\t\t\t\t<\/div>\n\t\t\t\t<\/div>\n\t\t<div class=\"elementor-element elementor-element-05f2fcf e-flex e-con-boxed wpr-particle-no wpr-jarallax-no wpr-parallax-no wpr-sticky-section-no e-con e-parent\" data-id=\"05f2fcf\" data-element_type=\"container\" data-settings=\"{&quot;background_background&quot;:&quot;gradient&quot;}\">\n\t\t\t\t\t<div class=\"e-con-inner\">\n\t\t<div class=\"elementor-element elementor-element-96f4b7b e-flex e-con-boxed wpr-particle-no wpr-jarallax-no wpr-parallax-no wpr-sticky-section-no elementor-invisible e-con e-child\" data-id=\"96f4b7b\" data-element_type=\"container\" data-settings=\"{&quot;animation&quot;:&quot;slideInRight&quot;}\">\n\t\t\t\t\t<div class=\"e-con-inner\">\n\t\t\t\t<div class=\"elementor-element elementor-element-728ad92 elementor-widget elementor-widget-spacer\" data-id=\"728ad92\" data-element_type=\"widget\" data-widget_type=\"spacer.default\">\n\t\t\t\t<div class=\"elementor-widget-container\">\n\t\t\t\t\t\t\t<div class=\"elementor-spacer\">\n\t\t\t<div class=\"elementor-spacer-inner\"><\/div>\n\t\t<\/div>\n\t\t\t\t\t\t<\/div>\n\t\t\t\t<\/div>\n\t\t\t\t<div class=\"elementor-element elementor-element-561a0b8 elementor-widget elementor-widget-heading\" data-id=\"561a0b8\" data-element_type=\"widget\" data-widget_type=\"heading.default\">\n\t\t\t\t<div class=\"elementor-widget-container\">\n\t\t\t\t\t<h1 class=\"elementor-heading-title elementor-size-default\">Notre philosophie<\/h1>\t\t\t\t<\/div>\n\t\t\t\t<\/div>\n\t\t\t\t<div class=\"elementor-element elementor-element-18b2bc1 elementor-widget elementor-widget-spacer\" data-id=\"18b2bc1\" data-element_type=\"widget\" data-widget_type=\"spacer.default\">\n\t\t\t\t<div class=\"elementor-widget-container\">\n\t\t\t\t\t\t\t<div class=\"elementor-spacer\">\n\t\t\t<div class=\"elementor-spacer-inner\"><\/div>\n\t\t<\/div>\n\t\t\t\t\t\t<\/div>\n\t\t\t\t<\/div>\n\t\t\t\t<div class=\"elementor-element elementor-element-8e27f69 elementor-widget elementor-widget-text-editor\" data-id=\"8e27f69\" data-element_type=\"widget\" data-widget_type=\"text-editor.default\">\n\t\t\t\t<div class=\"elementor-widget-container\">\n\t\t\t\t\t\t\t\t\t<p>L&#8217;objectif d\u00e9clar\u00e9 de nos actions est d&#8217;am\u00e9liorer la qualit\u00e9 de vie de nos patients. Pour nous, un traitement respectueux et amical des patients est tout aussi important qu&#8217;une th\u00e9rapie et des soins bas\u00e9s sur les connaissances m\u00e9dicales, infirmi\u00e8res et techniques les plus r\u00e9centes.<\/p><p>Il est essentiel que chaque collaborateur soit dispos\u00e9 \u00e0 assumer des responsabilit\u00e9s et \u00e0 participer r\u00e9guli\u00e8rement \u00e0 des formations continues et . C\u2019est la seule fa\u00e7on de pouvoir \u00eatre \u00e0 la hauteur de la confiance que nos patients nous accordent. Cela se refl\u00e8te \u00e9galement dans l\u2019utilisation \u00e9conomique des ressources mat\u00e9rielles.<\/p><p>Nous nous consid\u00e9rons comme une \u00e9quipe et attachons une grande importance \u00e0 une communication ouverte et respectueuse de la personnalit\u00e9 de chacun, tant avec nos coll\u00e8gues qu&#8217;avec d&#8217;autres groupes professionnels \u00e0 l&#8217;int\u00e9rieur et \u00e0 l&#8217;ext\u00e9rieur de la clinique.<\/p>\t\t\t\t\t\t\t\t<\/div>\n\t\t\t\t<\/div>\n\t\t\t\t<div class=\"elementor-element elementor-element-ea20575 elementor-widget elementor-widget-spacer\" data-id=\"ea20575\" data-element_type=\"widget\" data-widget_type=\"spacer.default\">\n\t\t\t\t<div class=\"elementor-widget-container\">\n\t\t\t\t\t\t\t<div class=\"elementor-spacer\">\n\t\t\t<div class=\"elementor-spacer-inner\"><\/div>\n\t\t<\/div>\n\t\t\t\t\t\t<\/div>\n\t\t\t\t<\/div>\n\t\t\t\t\t<\/div>\n\t\t\t\t<\/div>\n\t\t\t\t\t<\/div>\n\t\t\t\t<\/div>\n\t\t\t\t<\/div>\n\t\t","protected":false},"excerpt":{"rendered":"<p>Notre philosophie L&#8217;objectif d\u00e9clar\u00e9 de nos actions est d&#8217;am\u00e9liorer la qualit\u00e9 de vie de nos patients. Pour nous, un traitement respectueux et amical des patients est tout aussi important qu&#8217;une th\u00e9rapie et des soins bas\u00e9s sur les connaissances m\u00e9dicales, infirmi\u00e8res et techniques les plus r\u00e9centes. Il est essentiel que chaque collaborateur soit dispos\u00e9 \u00e0 assumer des responsabilit\u00e9s et \u00e0 participer r\u00e9guli\u00e8rement \u00e0 des formations continues et . C\u2019est la seule fa\u00e7on de pouvoir \u00eatre \u00e0 la hauteur de la confiance que nos patients nous accordent. Cela se refl\u00e8te \u00e9galement dans l\u2019utilisation \u00e9conomique des ressources mat\u00e9rielles. Nous nous consid\u00e9rons comme une \u00e9quipe et attachons une grande importance \u00e0 une communication ouverte et respectueuse de la personnalit\u00e9 de chacun, tant avec nos coll\u00e8gues qu&#8217;avec d&#8217;autres groupes professionnels \u00e0 l&#8217;int\u00e9rieur et \u00e0 l&#8217;ext\u00e9rieur de la clinique.<\/p>\n","protected":false},"author":1,"featured_media":0,"parent":0,"menu_order":0,"comment_status":"closed","ping_status":"closed","template":"elementor_canvas","meta":{"footnotes":""},"class_list":["post-1538","page","type-page","status-publish","hentry"],"_links":{"self":[{"href":"https:\/\/www.monastirdialyse.com\/index.php\/wp-json\/wp\/v2\/pages\/1538","targetHints":{"allow":["GET"]}}],"collection":[{"href":"https:\/\/www.monastirdialyse.com\/index.php\/wp-json\/wp\/v2\/pages"}],"about":[{"href":"https:\/\/www.monastirdialyse.com\/index.php\/wp-json\/wp\/v2\/types\/page"}],"author":[{"embeddable":true,"href":"https:\/\/www.monastirdialyse.com\/index.php\/wp-json\/wp\/v2\/users\/1"}],"replies":[{"embeddable":true,"href":"https:\/\/www.monastirdialyse.com\/index.php\/wp-json\/wp\/v2\/comments?post=1538"}],"version-history":[{"count":7,"href":"https:\/\/www.monastirdialyse.com\/index.php\/wp-json\/wp\/v2\/pages\/1538\/revisions"}],"predecessor-version":[{"id":1556,"href":"https:\/\/www.monastirdialyse.com\/index.php\/wp-json\/wp\/v2\/pages\/1538\/revisions\/1556"}],"wp:attachment":[{"href":"https:\/\/www.monastirdialyse.com\/index.php\/wp-json\/wp\/v2\/media?parent=1538"}],"curies":[{"name":"wp","href":"https:\/\/api.w.org\/{rel}","templated":true}]}}