{"id":1500,"date":"2024-11-07T22:42:30","date_gmt":"2024-11-07T22:42:30","guid":{"rendered":"https:\/\/www.monastirdialyse.com\/?page_id=1500"},"modified":"2024-11-13T13:12:35","modified_gmt":"2024-11-13T13:12:35","slug":"notre-sejour","status":"publish","type":"page","link":"https:\/\/www.monastirdialyse.com\/index.php\/notre-sejour\/","title":{"rendered":"Notre s\u00e9jour"},"content":{"rendered":"\t\t<div data-elementor-type=\"wp-page\" data-elementor-id=\"1500\" class=\"elementor elementor-1500\">\n\t\t\t\t<div class=\"elementor-element elementor-element-ba87a1a e-con-full e-flex wpr-particle-no wpr-jarallax-no wpr-parallax-no wpr-sticky-section-no elementor-invisible e-con e-parent\" data-id=\"ba87a1a\" data-element_type=\"container\" data-settings=\"{&quot;animation&quot;:&quot;slideInRight&quot;,&quot;background_background&quot;:&quot;classic&quot;}\">\n\t\t\t\t<\/div>\n\t\t<div class=\"elementor-element elementor-element-5af21f0 e-flex e-con-boxed wpr-particle-no wpr-jarallax-no wpr-parallax-no wpr-sticky-section-no elementor-invisible e-con e-parent\" data-id=\"5af21f0\" data-element_type=\"container\" data-settings=\"{&quot;animation&quot;:&quot;fadeInLeft&quot;}\">\n\t\t\t\t\t<div class=\"e-con-inner\">\n\t\t<div class=\"elementor-element elementor-element-e720ff4 e-con-full e-flex wpr-particle-no wpr-jarallax-no wpr-parallax-no wpr-sticky-section-no e-con e-child\" data-id=\"e720ff4\" data-element_type=\"container\">\n\t\t\t\t<div class=\"elementor-element elementor-element-0651777 elementor-widget elementor-widget-image\" data-id=\"0651777\" data-element_type=\"widget\" data-widget_type=\"image.default\">\n\t\t\t\t<div class=\"elementor-widget-container\">\n\t\t\t\t\t\t\t\t\t\t\t\t\t\t\t<img fetchpriority=\"high\" decoding=\"async\" width=\"869\" height=\"455\" src=\"https:\/\/www.monastirdialyse.com\/wp-content\/uploads\/2024\/11\/02.png\" class=\"attachment-large size-large wp-image-1512\" alt=\"\" srcset=\"https:\/\/www.monastirdialyse.com\/wp-content\/uploads\/2024\/11\/02.png 869w, https:\/\/www.monastirdialyse.com\/wp-content\/uploads\/2024\/11\/02-300x157.png 300w, https:\/\/www.monastirdialyse.com\/wp-content\/uploads\/2024\/11\/02-768x402.png 768w\" sizes=\"(max-width: 869px) 100vw, 869px\" \/>\t\t\t\t\t\t\t\t\t\t\t\t\t\t\t<\/div>\n\t\t\t\t<\/div>\n\t\t\t\t<\/div>\n\t\t<div class=\"elementor-element elementor-element-47f6e94 e-con-full e-flex wpr-particle-no wpr-jarallax-no wpr-parallax-no wpr-sticky-section-no e-con e-child\" data-id=\"47f6e94\" data-element_type=\"container\">\n\t\t\t\t<div class=\"elementor-element elementor-element-b928c5f elementor-widget elementor-widget-heading\" data-id=\"b928c5f\" data-element_type=\"widget\" data-widget_type=\"heading.default\">\n\t\t\t\t<div class=\"elementor-widget-container\">\n\t\t\t\t\t<h2 class=\"elementor-heading-title elementor-size-default\">NOTRE SEJOUR<\/h2>\t\t\t\t<\/div>\n\t\t\t\t<\/div>\n\t\t\t\t<div class=\"elementor-element elementor-element-942f1ed elementor-widget elementor-widget-text-editor\" data-id=\"942f1ed\" data-element_type=\"widget\" data-widget_type=\"text-editor.default\">\n\t\t\t\t<div class=\"elementor-widget-container\">\n\t\t\t\t\t\t\t\t\t<p>Monastir est presque une \u00eele entour\u00e9e par la mer M\u00e9diterran\u00e9e sur trois c\u00f4t\u00e9s et formant, vers le sud, le golfe du m\u00eame nom, qui s&#8217;\u00e9tend jusqu&#8217;au cap de Ras Dimass. Elle offre des paysages diversifi\u00e9s, notamment ses plages sableuses et rocheuses ainsi qu&#8217;une falaise s&#8217;\u00e9tendant sur pr\u00e8s de six kilom\u00e8tres.<\/p>\t\t\t\t\t\t\t\t<\/div>\n\t\t\t\t<\/div>\n\t\t\t\t<div class=\"elementor-element elementor-element-53ae38f elementor-align-center elementor-widget elementor-widget-button\" data-id=\"53ae38f\" data-element_type=\"widget\" data-widget_type=\"button.default\">\n\t\t\t\t<div class=\"elementor-widget-container\">\n\t\t\t\t\t\t\t\t\t<div class=\"elementor-button-wrapper\">\n\t\t\t\t\t<a class=\"elementor-button elementor-button-link elementor-size-sm\" href=\"https:\/\/www.monastirdialyse.com\/index.php\/contact\/\">\n\t\t\t\t\t\t<span class=\"elementor-button-content-wrapper\">\n\t\t\t\t\t\t\t\t\t<span class=\"elementor-button-text\">Contactez Nous<\/span>\n\t\t\t\t\t<\/span>\n\t\t\t\t\t<\/a>\n\t\t\t\t<\/div>\n\t\t\t\t\t\t\t\t<\/div>\n\t\t\t\t<\/div>\n\t\t\t\t<\/div>\n\t\t\t\t\t<\/div>\n\t\t\t\t<\/div>\n\t\t<div class=\"elementor-element elementor-element-fb56782 e-flex e-con-boxed wpr-particle-no wpr-jarallax-no wpr-parallax-no wpr-sticky-section-no elementor-invisible e-con e-parent\" data-id=\"fb56782\" data-element_type=\"container\" data-settings=\"{&quot;animation&quot;:&quot;fadeInRight&quot;}\">\n\t\t\t\t\t<div class=\"e-con-inner\">\n\t\t<div class=\"elementor-element elementor-element-5d58553 e-con-full e-flex wpr-particle-no wpr-jarallax-no wpr-parallax-no wpr-sticky-section-no e-con e-child\" data-id=\"5d58553\" data-element_type=\"container\">\n\t\t\t\t<div class=\"elementor-element elementor-element-9de7130 elementor-widget elementor-widget-spacer\" data-id=\"9de7130\" data-element_type=\"widget\" data-widget_type=\"spacer.default\">\n\t\t\t\t<div class=\"elementor-widget-container\">\n\t\t\t\t\t\t\t<div class=\"elementor-spacer\">\n\t\t\t<div class=\"elementor-spacer-inner\"><\/div>\n\t\t<\/div>\n\t\t\t\t\t\t<\/div>\n\t\t\t\t<\/div>\n\t\t\t\t<div class=\"elementor-element elementor-element-e229f42 elementor-widget elementor-widget-heading\" data-id=\"e229f42\" data-element_type=\"widget\" data-widget_type=\"heading.default\">\n\t\t\t\t<div class=\"elementor-widget-container\">\n\t\t\t\t\t<h2 class=\"elementor-heading-title elementor-size-default\">ANIMATION VARI\u00c9E : CLUBS -HOTELS \u2013GOLF LOISIRS <\/h2>\t\t\t\t<\/div>\n\t\t\t\t<\/div>\n\t\t\t\t<div class=\"elementor-element elementor-element-1573557 elementor-widget elementor-widget-text-editor\" data-id=\"1573557\" data-element_type=\"widget\" data-widget_type=\"text-editor.default\">\n\t\t\t\t<div class=\"elementor-widget-container\">\n\t\t\t\t\t\t\t\t\t<p>Pour le soleil, la mer et le sable avec une touche berb\u00e8re, rien de tel que des vacances \u00e0 Monastir avec leurs m\u00e9dinas anim\u00e9es et leurs restaurants authentiques. Des vacances vous offrent bien plus qu&#8217;une simple sc\u00e8ne de plage exceptionnelle.<\/p><p>Tr\u00e8s bon accueil, tarif tr\u00e8s raisonnable, int\u00e9ressant et offrant de belles vues sur Monastir.<\/p>\t\t\t\t\t\t\t\t<\/div>\n\t\t\t\t<\/div>\n\t\t\t\t<\/div>\n\t\t<div class=\"elementor-element elementor-element-f973c7a e-con-full e-flex wpr-particle-no wpr-jarallax-no wpr-parallax-no wpr-sticky-section-no e-con e-child\" data-id=\"f973c7a\" data-element_type=\"container\">\n\t\t\t\t<div class=\"elementor-element elementor-element-3cb9267 elementor-widget elementor-widget-image\" data-id=\"3cb9267\" data-element_type=\"widget\" data-widget_type=\"image.default\">\n\t\t\t\t<div class=\"elementor-widget-container\">\n\t\t\t\t\t\t\t\t\t\t\t\t\t\t\t<img decoding=\"async\" width=\"723\" height=\"500\" src=\"https:\/\/www.monastirdialyse.com\/wp-content\/uploads\/2024\/11\/00image.png\" class=\"attachment-large size-large wp-image-1645\" alt=\"\" srcset=\"https:\/\/www.monastirdialyse.com\/wp-content\/uploads\/2024\/11\/00image.png 723w, https:\/\/www.monastirdialyse.com\/wp-content\/uploads\/2024\/11\/00image-300x207.png 300w\" sizes=\"(max-width: 723px) 100vw, 723px\" \/>\t\t\t\t\t\t\t\t\t\t\t\t\t\t\t<\/div>\n\t\t\t\t<\/div>\n\t\t\t\t<\/div>\n\t\t\t\t\t<\/div>\n\t\t\t\t<\/div>\n\t\t<div class=\"elementor-element elementor-element-5e936ca e-flex e-con-boxed wpr-particle-no wpr-jarallax-no wpr-parallax-no wpr-sticky-section-no elementor-invisible e-con e-parent\" data-id=\"5e936ca\" data-element_type=\"container\" data-settings=\"{&quot;animation&quot;:&quot;rotateInDownLeft&quot;}\">\n\t\t\t\t\t<div class=\"e-con-inner\">\n\t\t<div class=\"elementor-element elementor-element-d8b86c7 e-con-full e-flex wpr-particle-no wpr-jarallax-no wpr-parallax-no wpr-sticky-section-no e-con e-child\" data-id=\"d8b86c7\" data-element_type=\"container\">\n\t\t\t\t<div class=\"elementor-element elementor-element-9d76fa3 elementor-widget elementor-widget-image\" data-id=\"9d76fa3\" data-element_type=\"widget\" data-widget_type=\"image.default\">\n\t\t\t\t<div class=\"elementor-widget-container\">\n\t\t\t\t\t\t\t\t\t\t\t\t\t\t\t<img decoding=\"async\" width=\"660\" height=\"618\" src=\"https:\/\/www.monastirdialyse.com\/wp-content\/uploads\/2024\/11\/02image.png\" class=\"attachment-large size-large wp-image-1648\" alt=\"\" srcset=\"https:\/\/www.monastirdialyse.com\/wp-content\/uploads\/2024\/11\/02image.png 660w, https:\/\/www.monastirdialyse.com\/wp-content\/uploads\/2024\/11\/02image-300x281.png 300w\" sizes=\"(max-width: 660px) 100vw, 660px\" \/>\t\t\t\t\t\t\t\t\t\t\t\t\t\t\t<\/div>\n\t\t\t\t<\/div>\n\t\t\t\t<div class=\"elementor-element elementor-element-d1730f5 elementor-widget elementor-widget-spacer\" data-id=\"d1730f5\" data-element_type=\"widget\" data-widget_type=\"spacer.default\">\n\t\t\t\t<div class=\"elementor-widget-container\">\n\t\t\t\t\t\t\t<div class=\"elementor-spacer\">\n\t\t\t<div class=\"elementor-spacer-inner\"><\/div>\n\t\t<\/div>\n\t\t\t\t\t\t<\/div>\n\t\t\t\t<\/div>\n\t\t\t\t<\/div>\n\t\t<div class=\"elementor-element elementor-element-5dbc104 e-con-full e-flex wpr-particle-no wpr-jarallax-no wpr-parallax-no wpr-sticky-section-no e-con e-child\" data-id=\"5dbc104\" data-element_type=\"container\">\n\t\t\t\t<div class=\"elementor-element elementor-element-a59a61f elementor-widget elementor-widget-spacer\" data-id=\"a59a61f\" data-element_type=\"widget\" data-widget_type=\"spacer.default\">\n\t\t\t\t<div class=\"elementor-widget-container\">\n\t\t\t\t\t\t\t<div class=\"elementor-spacer\">\n\t\t\t<div class=\"elementor-spacer-inner\"><\/div>\n\t\t<\/div>\n\t\t\t\t\t\t<\/div>\n\t\t\t\t<\/div>\n\t\t\t\t<div class=\"elementor-element elementor-element-bf27cb7 elementor-widget elementor-widget-heading\" data-id=\"bf27cb7\" data-element_type=\"widget\" data-widget_type=\"heading.default\">\n\t\t\t\t<div class=\"elementor-widget-container\">\n\t\t\t\t\t<h2 class=\"elementor-heading-title elementor-size-default\">H\u00e9modialyse a Monastir Tunisie pour les voyageurs \u00e9trangers<\/h2>\t\t\t\t<\/div>\n\t\t\t\t<\/div>\n\t\t\t\t<div class=\"elementor-element elementor-element-5d40157 elementor-widget elementor-widget-text-editor\" data-id=\"5d40157\" data-element_type=\"widget\" data-widget_type=\"text-editor.default\">\n\t\t\t\t<div class=\"elementor-widget-container\">\n\t\t\t\t\t\t\t\t\t<p>Si vous \u00eates un patient recevant une th\u00e9rapie r\u00e9nale, vous pouvez voyager en toute s\u00e9curit\u00e9 pour affaires ou pour vacances. Tout ce qu\u2019il faut, c\u2019est de continuer votre traitement de dialyse a Monastir Tunisie dans notre centre, o\u00f9 nous serons heureux de planifier vos s\u00e9ances d\u2019h\u00e9modialyse n\u00e9cessaires tout au long de votre sejour.<\/p><p>Pour cela nous mettons \u00e0 votre disposition une \u00e9quipe de professionnels, un \u00e9quipement m\u00e9dical de haute technologie et un espace hi\u00e9rarchis\u00e9 qui sera enti\u00e8rement disponible durant votre s\u00e9jour. Nos soins complets et personnalis\u00e9s de dialyse a Monastir Tunisie garantissent une meilleure qualit\u00e9 de vie des patients internationaux h\u00e9modialys\u00e9s qui viennent passer leurs vacances ici et nous choisissent pour effectuer leurs soins.<\/p><p>Voyagez en toute confiance et b\u00e9n\u00e9ficiez de nos traitements de dialyse en Tunisie toute l\u2019ann\u00e9e !<\/p>\t\t\t\t\t\t\t\t<\/div>\n\t\t\t\t<\/div>\n\t\t\t\t<\/div>\n\t\t\t\t\t<\/div>\n\t\t\t\t<\/div>\n\t\t\t\t<\/div>\n\t\t","protected":false},"excerpt":{"rendered":"<p>NOTRE SEJOUR Monastir est presque une \u00eele entour\u00e9e par la mer M\u00e9diterran\u00e9e sur trois c\u00f4t\u00e9s et formant, vers le sud, le golfe du m\u00eame nom, qui s&#8217;\u00e9tend jusqu&#8217;au cap de Ras Dimass. Elle offre des paysages diversifi\u00e9s, notamment ses plages sableuses et rocheuses ainsi qu&#8217;une falaise s&#8217;\u00e9tendant sur pr\u00e8s de six kilom\u00e8tres. Contactez Nous ANIMATION VARI\u00c9E : CLUBS -HOTELS \u2013GOLF LOISIRS Pour le soleil, la mer et le sable avec une touche berb\u00e8re, rien de tel que des vacances \u00e0 Monastir avec leurs m\u00e9dinas anim\u00e9es et leurs restaurants authentiques. Des vacances vous offrent bien plus qu&#8217;une simple sc\u00e8ne de plage exceptionnelle. Tr\u00e8s bon accueil, tarif tr\u00e8s raisonnable, int\u00e9ressant et offrant de belles vues sur Monastir. H\u00e9modialyse a Monastir Tunisie pour les voyageurs \u00e9trangers Si vous \u00eates un patient recevant une th\u00e9rapie r\u00e9nale, vous pouvez voyager en toute s\u00e9curit\u00e9 pour affaires ou pour vacances. Tout ce qu\u2019il faut, c\u2019est de continuer votre traitement de dialyse a Monastir Tunisie dans notre centre, o\u00f9 nous serons heureux de planifier vos s\u00e9ances d\u2019h\u00e9modialyse n\u00e9cessaires tout au long de votre sejour. Pour cela nous mettons \u00e0 votre disposition une \u00e9quipe de professionnels, un \u00e9quipement m\u00e9dical de haute technologie et un espace hi\u00e9rarchis\u00e9 qui sera enti\u00e8rement disponible durant votre s\u00e9jour. Nos soins complets et personnalis\u00e9s de dialyse a Monastir Tunisie garantissent une meilleure qualit\u00e9 de vie des patients internationaux h\u00e9modialys\u00e9s qui viennent passer leurs vacances ici et nous choisissent pour effectuer leurs soins. Voyagez en toute confiance et b\u00e9n\u00e9ficiez de nos traitements de dialyse en Tunisie toute l\u2019ann\u00e9e !<\/p>\n","protected":false},"author":1,"featured_media":0,"parent":0,"menu_order":0,"comment_status":"closed","ping_status":"closed","template":"elementor_canvas","meta":{"footnotes":""},"class_list":["post-1500","page","type-page","status-publish","hentry"],"_links":{"self":[{"href":"https:\/\/www.monastirdialyse.com\/index.php\/wp-json\/wp\/v2\/pages\/1500","targetHints":{"allow":["GET"]}}],"collection":[{"href":"https:\/\/www.monastirdialyse.com\/index.php\/wp-json\/wp\/v2\/pages"}],"about":[{"href":"https:\/\/www.monastirdialyse.com\/index.php\/wp-json\/wp\/v2\/types\/page"}],"author":[{"embeddable":true,"href":"https:\/\/www.monastirdialyse.com\/index.php\/wp-json\/wp\/v2\/users\/1"}],"replies":[{"embeddable":true,"href":"https:\/\/www.monastirdialyse.com\/index.php\/wp-json\/wp\/v2\/comments?post=1500"}],"version-history":[{"count":34,"href":"https:\/\/www.monastirdialyse.com\/index.php\/wp-json\/wp\/v2\/pages\/1500\/revisions"}],"predecessor-version":[{"id":1652,"href":"https:\/\/www.monastirdialyse.com\/index.php\/wp-json\/wp\/v2\/pages\/1500\/revisions\/1652"}],"wp:attachment":[{"href":"https:\/\/www.monastirdialyse.com\/index.php\/wp-json\/wp\/v2\/media?parent=1500"}],"curies":[{"name":"wp","href":"https:\/\/api.w.org\/{rel}","templated":true}]}}